) to base 8.
-111
What is -352 (base 8) in base 14?
-12a
What is 3 (base 16) in base 12?
3
-9 (base 15) to base 14
-9
What is -30 (base 6) in base 7?
-24
Convert 31 (base 11) to base 8.
42
1101 (base 5) to base 14
ab
What is 14 (base 9) in base 7?
16
Convert -3 (base 10) to base 16.
-3
Convert -4 (base 7) to base 9.
-4
Convert 4 (base 15) to base 6.
4
-4 (base 13) to base 6
-4
Convert -43 (base 5) to base 12.
-1b
Convert -1 (base 16) to base 11.
-1
Convert -28 (base 16) to base 10.
-40
Convert 11 (base 2) to base 15.
3
What is 21 (base 5) in base 6?
15
What is -2 (base 7) in base 12?
-2
-13 (base 5) to base 2
-1000
What is -1 (base 14) in base 13?
-1
23 (base 11) to base 16
19
-325 (base 6) to base 12
-a5
Convert -352 (base 7) to base 14.
-d2
What is 75 (base 16) in base 2?
1110101
Convert -133 (base 4) to base 2.
-11111
-23 (base 4) to base 6
-15
Convert c9 (base 14) to base 7.
342
What is -451 (base 6) in base 11?
-14a
What is 1b (base 13) in base 6?
40
What is 331 (base 7) in base 3?
20021
Convert 140 (base 8) to base 9.
116
6 (base 16) to base 7
6
Convert 4 (base 8) to base 15.
4
What is -46 (base 8) in base 12?
-32
14 (base 7) to base 12
b
Convert -2 (base 7) to base 6.
-2
Convert -110 (base 3) to base 8.
-14
What is 1 (base 10) in base 11?
1
Convert -5 (base 7) to base 4.
-11
-32 (base 5) to base 6
-25
Convert -1122 (base 3) to base 7.
-62
Convert 1 (base 11) to base 8.
1
What is 56 (base 13) in base 16?
47
Convert -305 (base 6) to base 9.
-135
1 (base 10) to base 7
1
What is -2 (base 5) in base 11?
-2
Convert -4 (base 11) to base 15.
-4
Convert 4c (base 16) to base 4.
1030
100 (base 2) to base 13
4
Convert -3 (base 14) to base 12.
-3
-19b (base 13) to base 7
-603
Convert -42 (base 12) to base 9.
-55
What is -2012 (base 4) in base 3?
-11222
-210 (base 6) to base 8
-116
What is -c (base 15) in base 8?
-14
Convert 222 (base 3) to base 2.
11010
What is 11001000 (base 2) in base 5?
1300
What is 111 (base 3) in base 14?
d
Convert 2010 (base 3) to base 5.
212
-2 (base 16) to base 3
-2
Convert 0 (base 3) to base 13.
0
-1 (base 9) to base 3
-1
94 (base 11) to base 7
205
Convert 252 (base 8) to base 13.
101
What is -300 (base 5) in base 13?
-5a
-101101 (base 2) to base 10
-45
-202 (base 3) to base 2
-10100
9 (base 13) to base 8
11
What is -42 (base 15) in base 13?
-4a
-1 (base 10) to base 5
-1
222 (base 4) to base 11
39
-1102 (base 5) to base 10
-152
What is -2 (base 8) in base 5?
-2
What is -8 (base 9) in base 15?
-8
-5 (base 10) to base 12
-5
Convert 22 (base 9) to base 8.
24
Convert -2 (base 13) to base 16.
-2
Convert 3 (base 10) to base 13.
3
What is -30 (base 10) in base 2?
-11110
Convert -42 (base 16) to base 15.
-46
What is -7 (base 11) in base 14?
-7
Convert b (base 16) to base 12.
b
-246 (base 8) to base 14
-bc
10 (base 4) to base 16
4
What is -46 (base 8) in base 10?
-38
What is 7 (base 9) in base 7?
10
What is 3 (base 5) in base 2?
11
-101 (base 4) to base 7
-23
0 (base 12) to base 4
0
Convert -2 (base 16) to base 15.
-2
Convert 104 (base 9) to base 10.
85
12a (base 11) to base 15
a3
Convert -2 (base 11) to base 13.
-2
Convert -145 (base 9) to base 3.
-11112
What is 3 (base 6) in base 12?
3
What is 102101 (base 3) in base 10?
307
46 (base 9) to base 12
36
12 (base 6) to base 16
8
33 (base 5) to base 13
15
Convert 26 (base 8) to base 3.
211
-49 (base 13) to base 10
-61
-3b (base 12) to base 5
-142
-120 (base 3) to base 9
-16
-17 (base 14) to base 5
-41
2 (base 11) to base 5
2
1011001 (base 2) to base 10
89
44 (base 13) to base 14
40
What is -2 (base 9) in base 6?
-2
What is 1 (base 6) in base 4?
1
What is -2 (base 13) in base 3?
-2
-11 (base 3) to base 13
-4
Convert 4 (base 8) to base 2.
100
What is 2204 (base 5) in base 7?
613
What is 20 (base 7) in base 16?
e
What is 5 (base 8) in base 15?
5
Convert -101 (base 3) to base 4.
-22
Convert ae (base 15) to base 2.
10100100
20 (base 15) to base 3
1010
What is 88 (base 9) in base 4?
1100
What is 0 (base 2) in base 12?
0
226 (base 7) to base 10
118
-5 (base 9) to base 15
-5
What is 444 (base 6) in base 8?
254
Convert 433 (base 5) to base 7.
226
48 (base 10) to base 13
39
Convert -10 (base 5) to base 7.
-5
Convert -5 (base 14) to base 9.
-5
-26 (base 9) to base 15
-19
What is -1 (base 14) in base 16?
-1
What is 13 (base 6) in base 15?
9
21 (base 8) to base 11
16
-9 (base 15) to base 5
-14
What is -12011 (base 3) in base 6?
-351
-2 (base 7) to base 6
-2
What is 2 (base 14) in base 10?
2
Convert 3 (base 4) to base 14.
3
What is 8 (base 16) in base 2?
1000
What is 12 (base 4) in base 12?
6
Convert -1310 (base 4) to base 12.
-98
10 (base 2) to base 11
2
16 (base 7) to base 2
1101
22 (base 3) to base 9
8
Convert -3 (base 13) to base 8.
-3
What is -341 (base 8) in base 10?
-225
What is -112 (base 6) in base 14?
-32
Convert 505 (base 7) to base 6.
1054
Convert 0 (base 10) to base 12.
0
Convert 1b (base 15) to base 6.
42
-7 (base 9) to base 8
-7
-9b (base 16) to base 6
-415
Convert -1 (base 13) to base 6.
-1
What is 0 (base 12) in base 8?
0
Convert -3 (base 13) to base 5.
-3
b4 (base 13) to base 9
173
What is 12011 (base 3) in base 8?
213
Convert 1 (base 4) to base 14.
1
1 (base 5) to base 16
1
What is -10 (base 10) in base 6?
-14
-32 (base 5) to base 3
-122
133 (base 5) to base 4
223
37 (base 8) to base 6
51
-8 (base 13) to base 12
-8
What is 10 (base 2) in base 9?
2
Convert 2 (base 6) to base 2.
10
Convert 40 (base 7) to base 5.
103
Convert -18 (base 15) to base 4.
-113
Convert 10 (base 12) to base 15.
c
111 (base 9) to base 16
5b
-11 (base 4) to base 12
-5
Convert -1110101 (base 2) to base 7.
-225
What is -2 (base 8) in base 10?
-2
What is d (base 14) in base 3?
111
Convert -1d (base 15) to base 2.
-11100
32 (base 6) to base 2
10100
-2 (base 16) to base 2
-10
What is -8 (base 15) in base 12?
-8
101 (base 2) to base 7
5
Convert -19 (base 10) to base 8.
-23
Convert 5 (base 15) to base 11.
5
Convert -1 (base 14) to base 2.
-1
What is 0 (base 6) in base 3?
0
Convert 153 (base 7) to base 9.
106
Convert 1 (base 7) to base 14.
1
What is 4 (base 8) in base 15?
4
25 (base 6) to base 13
14
-3 (base 16) to base 15
-3
20 (base 4) to base 7
11
What is 101 (base 2) in base 12?
5
Convert 5 (base 12) to base 8.
5
-10 (base 2) to base 14
-2
4b (base 12) to base 9
65
What is -10 (base 12) in base 7?
-15
What is 31 (base 6) in base 15?
14
What is 2 (base 16) in base 9?
2
Convert ea (base 15) to base 8.
334
-100010 (base 2) to base 12
-2a
-1133 (base 5) to base 16
-a8
What is -183 (base 9) in base 11?
-132
Convert 21 (base 4) to base 13.
9
What is 0 (base 15) in base 4?
0
What is -11001110 (base 2) in base 5?
-1311
What is 1 (base 3) in base 15?
1
What is 5 (base 16) in base 5?
10
Convert 316 (base 8) to base 13.
12b
-10 (base 9) to base 5
-14
Convert 3 (base 13) to base 7.
3
-165 (base 7) to base 15
-66
-51 (base 8) to base 5
-131
What is 101 (base 4) in base 2?
10001
-22 (base 3) to base 11
-8
Convert 1f (base 16) to base 5.
111
36 (base 11) to base 7
54
Convert 0 (base 3) to base 8.
0
Convert -2 (base 7) to base 15.
-2
Convert -2 (base 13) to base 9.
-2
-5a (base 14) to base 10
-80
What is -194 (base 11) in base 6?
-1012
24 (base 8) to base 13
17
-60 (base 8) to base 16
-30
-4 (base 15) to base 10
-4
What is -29 (base 15) in base 2?
-100111
What is -2 (base 15) in base 11?
-2
-120 (base 6) to base 2
-110000
-262 (base 7) to base 3
-12021
-1b (base 14) to base 12
-21
What is -76 (base 15) in base 14?
-7d
What is 1 (base 11) in base 3?
1
What is -11010 (base 2) in base 7?
-35
-2 (base 16) to base 6
-2
What is -b2 (base 13) in base 16?
-91
What is 7 (base 10) in base 8?
7
What is -15 (base 16) in base 8?
-25
What is -4 (base 6) in base 2?
-100
-10 (base 3) to base 11
-3
What is -1 (base 14) in base 4?
-1
-216 (base 7) to base 9
-133
1002 (base 6) to base 8
332
What is 9c (base 15) in base 9?
173
Convert -1 (base 13) to base 5.
-1
What is -2 (base 9) in base 8?
-2
-21 (base 7) to base 4
-33
ff (base 16) to base 2
11111111
Convert 111 (base 3) to base 15.
d
268 (base 12) to base 9
448
What is 1220 (base 3) in base 2?
110011
Convert -1 (base 13) to base 2.
-1
-37 (base 9) to base 2
-100010
Convert 122 (base 6) to base 9.
55
-1 (base 11) to base 12
-1
Convert -3 (base 11) to base 7.
-3
What is 3a (base 15) in base 5?